9
Suppose -77305 = -25*v + 50345. What is the tens digit of v?
0
Suppose 0 = 4*j + 2*g - 26 - 10, 4*j - 5*g = 36. Suppose -m = m - 5*h - 440, -660 = -3*m + h. Suppose 4*n = j*n - m. What is the units digit of n?
4
Let t(w) = -168*w - 434. What is the thousands digit of t(-96)?
5
Let r(k) = -k**3 + 103*k**2 - 53*k - 2913. What is the tens digit of r(101)?
3
Suppose -d = 0, 0 = -3*u - 6*d + 11*d + 33. Let z(a) = 9*a - 13. Let x(o) = -17*o + 25. Let v(f) = -4*x(f) - 7*z(f). What is the tens digit of v(u)?
4
What is the hundreds digit of (1 - (-550)/(-506)) + (-361426)/(-46)?
8
What is the tens digit of 11/(88/24) - (-2010 + 2)?
1
Let i be 1/(3 - 28/10). Suppose b = i*b - 0*b. Suppose -19*w + 17*w + 172 = b. What is the units digit of w?
6
Let v(k) = 104*k**2 - 6*k - 5. Let m(j) = j**2 + j + 1. Let a(h) = 5*m(h) + v(h). Let l be a(2). What is the units digit of 4/(-24) - l/(-12)?
6
Let g(m) = -m**3 - m**2. Let l be g(-2). Let s = 2388 - 2386. Suppose -s*k + 53 + 155 = l*q, k - 92 = 4*q. What is the units digit of k?
0
Let f(y) = -y**3 + 41*y**2 + 29*y - 64. What is the ten thousands digit of f(32)?
1
Suppose -16*u - 39 = 41. What is the tens digit of (-1*6/u)/((-9)/(-1830))?
4
Let q(c) = -c**3 + 14*c**2 + 14*c + 16. Let r be q(15). Let b(n) = 441*n**3 - 3*n**2 + 2. What is the hundreds digit of b(r)?
4
Suppose g - 6 = -3*i - 14, 0 = -i + g - 8. What is the tens digit of (-3)/1 + 488 - i?
8
Let q be (-8316)/(-32) + (-10)/(-80). Suppose 4*o - q = -6*o. What is the units digit of o?
6
Let r(s) = 36*s**2 - 379*s - 56. What is the ten thousands digit of r(-44)?
8
What is the thousands digit of -15*(16140/(-75) + 5)?
3
Let w = 114 - 156. Let k = w + 48. What is the units digit of 1758/18 + 2/k?
8
Let a = -17266 - -41289. What is the thousands digit of a?
4
Let q = 43 + -31. Suppose 0 = -3*o - o - q, p + 4*o + 9 = 0. Suppose 0 = -p*b - 5*b + 504. What is the units digit of b?
3
What is the thousands digit of (-33976)/(-3) - (774/54 + -13)?
1
Let u = 1200 - 828. Let g = -53 - -55. What is the units digit of ((-2)/(-6))/(g/u)?
2
Let k(d) = 451*d**2 + 18*d + 44. What is the hundreds digit of k(-5)?
2
Let u be -108*(3 - (-24)/9). Let s = 790 + u. What is the hundreds digit of s?
1
Suppose 5*g + 2717 - 11663 = 3*w, -g + 1803 = 4*w. What is the units digit of g?
1
Suppose -2*y - 3*y = 2*h - 10, 4*y - 5*h = -25. Suppose -3*a + y*n + 78 = 3*n, 2*n = -2. What is the units digit of a?
7
Let q(s) be the third derivative of s**6/120 + 17*s**5/60 - 23*s**4/24 + s**3/6 - 15*s**2 + s. What is the units digit of q(-16)?
5
Suppose -6672 = 28*t - 44*t. Let g = t + 277. What is the tens digit of g?
9
Let w(g) = 65*g**2 - 43*g + 82. What is the units digit of w(6)?
4
Let x(r) = -2*r**2 + 18*r - 27. Let w(d) = -5*d**2 + 2*d**2 + 29*d + 13 - 41 - 10*d. Let o(l) = -4*w(l) + 5*x(l). What is the tens digit of o(-12)?
9
Suppose 0 = -225*v + 230*v - 35, 3*h = -5*v + 195704. What is the ten thousands digit of h?
6
What is the hundreds digit of (-2)/((-1 - -3) + 4)*(-18906 - -3)?
3
What is the units digit of 40133/2 - (-1395)/558?
9
Suppose -w + 115 = -b, 3*w - 17*b = -15*b + 347. Let f = w + 183. What is the tens digit of f?
0
Suppose 3*g = 7*g + 5*m - 39, -3*g = -5*m - 38. Suppose 5*n + g - 41 = -5*t, -2*n = -3*t + 13. What is the units digit of -9*-2*(-4)/(-8)*t?
5
Let r = -7084 - -18879. What is the ten thousands digit of r?
1
Let i(j) = 18*j**2 - 10*j - 1. Let x be (-2)/(-4)*(4 - -118). Let q = 63 - x. What is the units digit of i(q)?
1
Let k = 997 - 660. Suppose 0 = 5*m - t - 2250, -m + t + 117 + k = 0. What is the units digit of m?
9
Suppose 29*l = 388266 - 107294 + 122592. What is the units digit of l?
6
Suppose -7*y + 2*y + 9 = -f, 8 = -2*f + 5*y. Let p(h) = 127*h**3 + 3*h**2 - 4*h + 2. What is the hundreds digit of p(f)?
1
Let o = 16 - -12. Suppose 26*d = o*d + 354. What is the hundreds digit of (d - 0)*-1*(-6)/(-9)?
1
Let v(t) be the second derivative of t**3/6 + 45*t**2/2 - 2*t - 135. Suppose 0 = 2*h + h + 66. What is the units digit of v(h)?
3
What is the thousands digit of 10649832/2370 + 4*(-1)/(-10)?
4
Let w(y) = -2*y**2 - 12*y + 2. Let f(t) = 4*t**2 + 25*t - 4. Let v(p) = 6*f(p) + 11*w(p). Let a be v(-8). Let o = 102 - a. What is the tens digit of o?
2
Let a = 1979 + 4825. What is the thousands digit of a?
6
Let b = -37 - 3. Let k = b + 45. Suppose -k*x + 4*x = 5*s - 1091, s - 214 = 4*x. What is the hundreds digit of s?
2
Let u(l) = -l**3 + 101*l**2 - 106*l - 1488. What is the hundreds digit of u(96)?
4
Suppose -5*c - 316 = -1496. Let f = c + -92. Suppose 10*l = l + f. What is the tens digit of l?
1
Let q(h) = 4*h + 8. Suppose -6 = 4*v + j + j, v = 5*j - 7. Let r be q(v). Suppose -3*b + 4*b = 4*f - 536, r = f - 2*b - 141. What is the hundreds digit of f?
1
Let c = 255 + -260. What is the units digit of c + (237 + -8 - (2 + -5))?
7
Suppose x = 4*j + 4*x + 214, -5*x + 175 = -3*j. Let n be (-1)/(-3) - j/15. Suppose 0 = s - i - 74, n*s + 5*i = 160 + 91. What is the tens digit of s?
6
Let l(n) = 5*n + 12906. What is the thousands digit of l(-79)?
2
Suppose -4*s = p - 447, -4*p - 255 = 5*s - 1999. Suppose 1289 - p = 3*m. What is the tens digit of m?
8
Let o be (-4)/((-32)/20)*4/2. Let y(f) = 2*f**3 - 3*f**2 - 14*f + 23. What is the tens digit of y(o)?
2
Suppose 17*j + 218 = 19*j. Let l = j - 34. What is the units digit of l?
5
Let x be -2*(3 - (1 - 26)/(-5)). Suppose -n + 706 = -2*g + 220, 0 = 3*n + x*g - 1468. What is the hundreds digit of n?
4
Suppose -3*w = -i - 216108, 11*i - 14*i = -2*w + 144093. What is the thousands digit of w?
2
Suppose -28*o + 43734 = -148346. What is the thousands digit of o?
6
Suppose -55 = 3*w - 109. Suppose 27*u - w*u - 414 = 0. Suppose -45*t - 82 = -u*t. What is the units digit of t?
2
Let q(s) be the first derivative of 7*s**4/4 - 10*s**3/3 - 7*s**2/2 + 19*s + 56. What is the tens digit of q(5)?
0
Let m = -6436 - -27949. What is the thousands digit of m?
1
Let d(u) = -u**2 + u + 7530. Let t be d(0). Suppose 51*x - t = 36*x. What is the tens digit of x?
0
Suppose 1256*u + 26368 = 1264*u. What is the units digit of u?
6
Let j(d) = d**3 - 9*d**2 + 16*d - 1. Let c(h) = h**2 + 6*h - 7. Let f be c(2). What is the hundreds digit of j(f)?
1
Let u = 5136 - -254. What is the thousands digit of u?
5
Suppose 4*h - 1321 - 2463 = -i, 4*i + 5*h - 15169 = 0. What is the thousands digit of i?
3
Let v = -41 + -144. Let z be 4 - (1 - v) - 9/(-3). What is the units digit of (z/2)/(10/(-20))?
9
Let t(k) = -47*k + 99. Let x be t(2). Suppose 0 = -x*o + 6805 - 2345. What is the tens digit of o?
9
Let c(s) = 15*s**3 - s**2 - 7*s + 3. Let h = 94 - 91. What is the units digit of c(h)?
8
What is the hundreds digit of (65790/14)/1 - (-845)/1183?
7
Suppose 0 = -22*m - 461 + 15861. Let y = m - -613. What is the tens digit of y?
1
Let l(q) = -5*q + 62. Let x be l(-30). Let n = x - 195. What is the units digit of n?
7
Let j(y) = -26*y - 36. Let a(n) = -n**2 + 27*n + 36. Let r(m) = -3*a(m) - 2*j(m). What is the tens digit of r(-13)?
4
Suppose -v = y - 18, 0*y - 2*v - 54 = -4*y. Suppose b + 2*b - y = -3*c, -2*b - c = -10. Suppose 6 = -b*j + 6*j. What is the units digit of j?
6
Suppose -2*x + 4 + 0 = 0. Suppose 0 = 6*w - 3*w - x*f - 779, -4*w = -f - 1042. What is the units digit of w?
1
Suppose 11*b - 16*b - 4*y + 38475 = 0, 0 = -7*y + 2*y. What is the tens digit of b?
9
Suppose 0 = -3*w - 3*c + 24, 65*w + 3*c = 61*w + 36. Suppose -397 = -w*x + 12155. What is the units digit of x?
6
Let c be 3 + 48/(-5) - 9/(-15). What is the tens digit of 3/9*(-1260)/c?
7
Suppose 4*q + 2*u = 16, -4*q - 5*u + 6 = -4. Suppose -266 = 2*v + i - 1272, q*v - 4*i = 2502. What is the tens digit of v?
0
Let u be (6/9)/(4/66). Suppose u = 5*z + 16. What is the tens digit of z/((-9)/192)*(-3)/(-2)?
3
Suppose -63*n + 88722 = 43*n. What is the tens digit of n?
3
Let s be (-7404)/(-6) - 4/(-2)*-2. Suppose s - 1351 = -b. What is the tens digit of b?
2
Let v(k) = k**3 + 21*k**2 - 16*k - 6. What is the tens digit of v(-20)?
1
What is the hundreds digit of 10/(-45)*7863*60/(-8)?
1
Suppose 2*r + 8*r - 14*r = -16844. What is the hundreds digit of r?
2
Suppose 10*j + 23 = 3. What is the hundreds digit of (-3 + 3 + -2)*(j - 267)?
5
Let s(j) = -4*j**2 + 50*j + 24. Let z be s(13). What is the hundreds digit of